{"id":679,"date":"2020-03-26T20:49:37","date_gmt":"2020-03-26T19:49:37","guid":{"rendered":"http:\/\/czechy.site\/?page_id=679"},"modified":"2021-03-08T05:09:33","modified_gmt":"2021-03-08T04:09:33","slug":"urzedy-miast","status":"publish","type":"page","link":"https:\/\/iczechy.pl\/index.php\/urzedy-miast\/","title":{"rendered":"Urz\u0119dy miast"},"content":{"rendered":"\r\n\r\n\r\n<ul class=\"wp-block-list\">\r\n<li><strong>Urz\u0105d Miasta Sto\u0142ecznego Praga<\/strong> <a href=\"http:\/\/www.praha.eu\/\" target=\"_blank\" rel=\"noreferrer noopener\">(Magistr\u00e1t hlavn\u00edho m\u011bsta Prahy)<\/a><\/li>\r\n<li><strong>Urz\u0105d Miasta Brna<\/strong>&nbsp;<a href=\"https:\/\/www.brno.cz\/\" target=\"_blank\" rel=\"noreferrer noopener\"><em>(Magistr\u00e1t m\u011bsta Brna)<\/em><\/a><\/li>\r\n<li><strong>Urz\u0105d Miasta Ostrawy<\/strong>&nbsp;<a href=\"https:\/\/www.ostrava.cz\/\" target=\"_blank\" rel=\"noreferrer noopener\"><em>(Magistr\u00e1t m\u011bsta Ostravy)<\/em><\/a><\/li>\r\n<li><strong>Urz\u0105d Miasta Pilzna <\/strong><a href=\"https:\/\/www.plzen.eu\/\" target=\"_blank\" rel=\"noreferrer noopener\"><em>(Magistr\u00e1t m\u011bsta Plzn\u011b)<\/em><\/a><\/li>\r\n<li><strong>Urz\u0105d Miasta Liberca<\/strong>&nbsp;<a href=\"https:\/\/www.liberec.cz\/cz\/obcan\/\" target=\"_blank\" rel=\"noreferrer noopener\"><em>(Magistr\u00e1t m\u011bsta Liberec)<\/em><\/a><\/li>\r\n<li><strong>Urz\u0105d Miasta O\u0142omu\u0144ca<\/strong>&nbsp;<a href=\"https:\/\/www.olomouc.eu\/magistrat\" target=\"_blank\" rel=\"noreferrer noopener\"><em>(Magistr\u00e1t m\u011bsta Olomouce)<\/em><\/a><\/li>\r\n<li><strong>Urz\u0105d Miasta Hradca Kr\u00e1lov\u00e9 <\/strong><a href=\"https:\/\/www.hradeckralove.org\/\" target=\"_blank\" rel=\"noreferrer noopener\"><em>(Magistr\u00e1t m\u011bsta Hradec Kr\u00e1lov\u00e9)<\/em><\/a><\/li>\r\n<li><strong>Urz\u0105d Miasta Czeskich Budziejowic <\/strong>&nbsp;<a href=\"https:\/\/www.c-budejovice.cz\/magistrat\" target=\"_blank\" rel=\"noreferrer noopener\"><em>(Magistr\u00e1t m\u011bsta \u010cesk\u00e9 Bud\u011bjovice)<\/em><\/a><\/li>\r\n<li><strong>Urz\u0105d Miasta U\u015bcia nad \u0141ab\u0105 <\/strong><a href=\"https:\/\/www.usti-nad-labem.cz\/cz\/uredni-portal\/sprava-mesta\/magistrat\/\" target=\"_blank\" rel=\"noreferrer noopener\"><em>(Magistr\u00e1t m\u011bsta \u00dast\u00ed nad Labem)<\/em><\/a><\/li>\r\n<li><strong>Urz\u0105d Miasta Pardubice<\/strong>&nbsp;<a href=\"https:\/\/www.pardubice.eu\/urad\/\" target=\"_blank\" rel=\"noreferrer noopener\"><em>(Magistr\u00e1t m\u011bsta Pardubice)<\/em><\/a><\/li>\r\n<\/ul>\r\n","protected":false},"excerpt":{"rendered":"<p>Urz\u0105d Miasta Sto\u0142ecznego Praga (Magistr\u00e1t hlavn\u00edho m\u011bsta Prahy) Urz\u0105d Miasta Brna&nbsp;(Magistr\u00e1t m\u011bsta Brna) Urz\u0105d Miasta Ostrawy&nbsp;(Magistr\u00e1t m\u011bsta Ostravy) Urz\u0105d Miasta Pilzna (Magistr\u00e1t m\u011bsta Plzn\u011b) Urz\u0105d Miasta Liberca&nbsp;(Magistr\u00e1t m\u011bsta Liberec) Urz\u0105d Miasta O\u0142omu\u0144ca&nbsp;(Magistr\u00e1t m\u011bsta Olomouce) Urz\u0105d Miasta Hradca Kr\u00e1lov\u00e9 (Magistr\u00e1t m\u011bsta&#8230;<\/p>\n","protected":false},"author":7,"featured_media":0,"parent":0,"menu_order":0,"comment_status":"closed","ping_status":"closed","template":"","meta":{"om_disable_all_campaigns":false,"_monsterinsights_skip_tracking":false,"_monsterinsights_sitenote_active":false,"_monsterinsights_sitenote_note":"","_monsterinsights_sitenote_category":0,"ngg_post_thumbnail":0,"footnotes":""},"class_list":["post-679","page","type-page","status-publish","hentry"],"yoast_head":"<!-- This site is optimized with the Yoast SEO plugin v27.4 - https:\/\/yoast.com\/product\/yoast-seo-wordpress\/ -->\n<title>Urz\u0119dy miast &#187; iCzechy.pl<\/title>\n<meta name=\"robots\" content=\"index, follow, max-snippet:-1, max-image-preview:large, max-video-preview:-1\" \/>\n<link rel=\"canonical\" href=\"https:\/\/iczechy.pl\/index.php\/urzedy-miast\/\" \/>\n<meta property=\"og:locale\" content=\"pl_PL\" \/>\n<meta property=\"og:type\" content=\"article\" \/>\n<meta property=\"og:title\" content=\"Urz\u0119dy miast &#187; iCzechy.pl\" \/>\n<meta property=\"og:description\" content=\"Urz\u0105d Miasta Sto\u0142ecznego Praga (Magistr\u00e1t hlavn\u00edho m\u011bsta Prahy) Urz\u0105d Miasta Brna&nbsp;(Magistr\u00e1t m\u011bsta Brna) Urz\u0105d Miasta Ostrawy&nbsp;(Magistr\u00e1t m\u011bsta Ostravy) Urz\u0105d Miasta Pilzna (Magistr\u00e1t m\u011bsta Plzn\u011b) Urz\u0105d Miasta Liberca&nbsp;(Magistr\u00e1t m\u011bsta Liberec) Urz\u0105d Miasta O\u0142omu\u0144ca&nbsp;(Magistr\u00e1t m\u011bsta Olomouce) Urz\u0105d Miasta Hradca Kr\u00e1lov\u00e9 (Magistr\u00e1t m\u011bsta...\" \/>\n<meta property=\"og:url\" content=\"https:\/\/iczechy.pl\/index.php\/urzedy-miast\/\" \/>\n<meta property=\"og:site_name\" content=\"iCzechy.pl\" \/>\n<meta property=\"article:modified_time\" content=\"2021-03-08T04:09:33+00:00\" \/>\n<meta name=\"twitter:card\" content=\"summary_large_image\" \/>\n<meta name=\"twitter:site\" content=\"@iCzechy_pl\" \/>\n<meta name=\"twitter:label1\" content=\"Szacowany czas czytania\" \/>\n\t<meta name=\"twitter:data1\" content=\"1 minuta\" \/>\n<script type=\"application\/ld+json\" class=\"yoast-schema-graph\">{\"@context\":\"https:\\\/\\\/schema.org\",\"@graph\":[{\"@type\":\"WebPage\",\"@id\":\"https:\\\/\\\/iczechy.pl\\\/index.php\\\/urzedy-miast\\\/\",\"url\":\"https:\\\/\\\/iczechy.pl\\\/index.php\\\/urzedy-miast\\\/\",\"name\":\"Urz\u0119dy miast &#187; iCzechy.pl\",\"isPartOf\":{\"@id\":\"https:\\\/\\\/iczechy.pl\\\/#website\"},\"datePublished\":\"2020-03-26T19:49:37+00:00\",\"dateModified\":\"2021-03-08T04:09:33+00:00\",\"breadcrumb\":{\"@id\":\"https:\\\/\\\/iczechy.pl\\\/index.php\\\/urzedy-miast\\\/#breadcrumb\"},\"inLanguage\":\"pl-PL\",\"potentialAction\":[{\"@type\":\"ReadAction\",\"target\":[\"https:\\\/\\\/iczechy.pl\\\/index.php\\\/urzedy-miast\\\/\"]}]},{\"@type\":\"BreadcrumbList\",\"@id\":\"https:\\\/\\\/iczechy.pl\\\/index.php\\\/urzedy-miast\\\/#breadcrumb\",\"itemListElement\":[{\"@type\":\"ListItem\",\"position\":1,\"name\":\"Strona g\u0142\u00f3wna\",\"item\":\"https:\\\/\\\/iczechy.pl\\\/\"},{\"@type\":\"ListItem\",\"position\":2,\"name\":\"Urz\u0119dy miast\"}]},{\"@type\":\"WebSite\",\"@id\":\"https:\\\/\\\/iczechy.pl\\\/#website\",\"url\":\"https:\\\/\\\/iczechy.pl\\\/\",\"name\":\"iCzechy.pl\",\"description\":\"i wiesz wi\u0119cej\",\"publisher\":{\"@id\":\"https:\\\/\\\/iczechy.pl\\\/#organization\"},\"potentialAction\":[{\"@type\":\"SearchAction\",\"target\":{\"@type\":\"EntryPoint\",\"urlTemplate\":\"https:\\\/\\\/iczechy.pl\\\/?s={search_term_string}\"},\"query-input\":{\"@type\":\"PropertyValueSpecification\",\"valueRequired\":true,\"valueName\":\"search_term_string\"}}],\"inLanguage\":\"pl-PL\"},{\"@type\":\"Organization\",\"@id\":\"https:\\\/\\\/iczechy.pl\\\/#organization\",\"name\":\"iCzechy.pl\",\"url\":\"https:\\\/\\\/iczechy.pl\\\/\",\"logo\":{\"@type\":\"ImageObject\",\"inLanguage\":\"pl-PL\",\"@id\":\"https:\\\/\\\/iczechy.pl\\\/#\\\/schema\\\/logo\\\/image\\\/\",\"url\":\"https:\\\/\\\/iczechy.pl\\\/wp-content\\\/uploads\\\/2020\\\/06\\\/iCzechy-2-300dpi-...i-wiesz-wiecej.png\",\"contentUrl\":\"https:\\\/\\\/iczechy.pl\\\/wp-content\\\/uploads\\\/2020\\\/06\\\/iCzechy-2-300dpi-...i-wiesz-wiecej.png\",\"width\":1280,\"height\":294,\"caption\":\"iCzechy.pl\"},\"image\":{\"@id\":\"https:\\\/\\\/iczechy.pl\\\/#\\\/schema\\\/logo\\\/image\\\/\"},\"sameAs\":[\"https:\\\/\\\/x.com\\\/iCzechy_pl\"]}]}<\/script>\n<!-- \/ Yoast SEO plugin. -->","yoast_head_json":{"title":"Urz\u0119dy miast &#187; iCzechy.pl","robots":{"index":"index","follow":"follow","max-snippet":"max-snippet:-1","max-image-preview":"max-image-preview:large","max-video-preview":"max-video-preview:-1"},"canonical":"https:\/\/iczechy.pl\/index.php\/urzedy-miast\/","og_locale":"pl_PL","og_type":"article","og_title":"Urz\u0119dy miast &#187; iCzechy.pl","og_description":"Urz\u0105d Miasta Sto\u0142ecznego Praga (Magistr\u00e1t hlavn\u00edho m\u011bsta Prahy) Urz\u0105d Miasta Brna&nbsp;(Magistr\u00e1t m\u011bsta Brna) Urz\u0105d Miasta Ostrawy&nbsp;(Magistr\u00e1t m\u011bsta Ostravy) Urz\u0105d Miasta Pilzna (Magistr\u00e1t m\u011bsta Plzn\u011b) Urz\u0105d Miasta Liberca&nbsp;(Magistr\u00e1t m\u011bsta Liberec) Urz\u0105d Miasta O\u0142omu\u0144ca&nbsp;(Magistr\u00e1t m\u011bsta Olomouce) Urz\u0105d Miasta Hradca Kr\u00e1lov\u00e9 (Magistr\u00e1t m\u011bsta...","og_url":"https:\/\/iczechy.pl\/index.php\/urzedy-miast\/","og_site_name":"iCzechy.pl","article_modified_time":"2021-03-08T04:09:33+00:00","twitter_card":"summary_large_image","twitter_site":"@iCzechy_pl","twitter_misc":{"Szacowany czas czytania":"1 minuta"},"schema":{"@context":"https:\/\/schema.org","@graph":[{"@type":"WebPage","@id":"https:\/\/iczechy.pl\/index.php\/urzedy-miast\/","url":"https:\/\/iczechy.pl\/index.php\/urzedy-miast\/","name":"Urz\u0119dy miast &#187; iCzechy.pl","isPartOf":{"@id":"https:\/\/iczechy.pl\/#website"},"datePublished":"2020-03-26T19:49:37+00:00","dateModified":"2021-03-08T04:09:33+00:00","breadcrumb":{"@id":"https:\/\/iczechy.pl\/index.php\/urzedy-miast\/#breadcrumb"},"inLanguage":"pl-PL","potentialAction":[{"@type":"ReadAction","target":["https:\/\/iczechy.pl\/index.php\/urzedy-miast\/"]}]},{"@type":"BreadcrumbList","@id":"https:\/\/iczechy.pl\/index.php\/urzedy-miast\/#breadcrumb","itemListElement":[{"@type":"ListItem","position":1,"name":"Strona g\u0142\u00f3wna","item":"https:\/\/iczechy.pl\/"},{"@type":"ListItem","position":2,"name":"Urz\u0119dy miast"}]},{"@type":"WebSite","@id":"https:\/\/iczechy.pl\/#website","url":"https:\/\/iczechy.pl\/","name":"iCzechy.pl","description":"i wiesz wi\u0119cej","publisher":{"@id":"https:\/\/iczechy.pl\/#organization"},"potentialAction":[{"@type":"SearchAction","target":{"@type":"EntryPoint","urlTemplate":"https:\/\/iczechy.pl\/?s={search_term_string}"},"query-input":{"@type":"PropertyValueSpecification","valueRequired":true,"valueName":"search_term_string"}}],"inLanguage":"pl-PL"},{"@type":"Organization","@id":"https:\/\/iczechy.pl\/#organization","name":"iCzechy.pl","url":"https:\/\/iczechy.pl\/","logo":{"@type":"ImageObject","inLanguage":"pl-PL","@id":"https:\/\/iczechy.pl\/#\/schema\/logo\/image\/","url":"https:\/\/iczechy.pl\/wp-content\/uploads\/2020\/06\/iCzechy-2-300dpi-...i-wiesz-wiecej.png","contentUrl":"https:\/\/iczechy.pl\/wp-content\/uploads\/2020\/06\/iCzechy-2-300dpi-...i-wiesz-wiecej.png","width":1280,"height":294,"caption":"iCzechy.pl"},"image":{"@id":"https:\/\/iczechy.pl\/#\/schema\/logo\/image\/"},"sameAs":["https:\/\/x.com\/iCzechy_pl"]}]}},"_links":{"self":[{"href":"https:\/\/iczechy.pl\/index.php\/wp-json\/wp\/v2\/pages\/679","targetHints":{"allow":["GET"]}}],"collection":[{"href":"https:\/\/iczechy.pl\/index.php\/wp-json\/wp\/v2\/pages"}],"about":[{"href":"https:\/\/iczechy.pl\/index.php\/wp-json\/wp\/v2\/types\/page"}],"author":[{"embeddable":true,"href":"https:\/\/iczechy.pl\/index.php\/wp-json\/wp\/v2\/users\/7"}],"replies":[{"embeddable":true,"href":"https:\/\/iczechy.pl\/index.php\/wp-json\/wp\/v2\/comments?post=679"}],"version-history":[{"count":5,"href":"https:\/\/iczechy.pl\/index.php\/wp-json\/wp\/v2\/pages\/679\/revisions"}],"predecessor-version":[{"id":7965,"href":"https:\/\/iczechy.pl\/index.php\/wp-json\/wp\/v2\/pages\/679\/revisions\/7965"}],"wp:attachment":[{"href":"https:\/\/iczechy.pl\/index.php\/wp-json\/wp\/v2\/media?parent=679"}],"curies":[{"name":"wp","href":"https:\/\/api.w.org\/{rel}","templated":true}]}}